{"id":23482,"date":"2025-10-21T09:47:08","date_gmt":"2025-10-21T07:47:08","guid":{"rendered":"https:\/\/medicora.keydesign.xyz\/medical-clinic\/?page_id=23482"},"modified":"2025-10-22T14:22:46","modified_gmt":"2025-10-22T12:22:46","slug":"igraci","status":"publish","type":"page","link":"https:\/\/www.prokick.hr\/?page_id=23482","title":{"rendered":"Igra\u010di"},"content":{"rendered":"\t\t<div data-elementor-type=\"wp-page\" data-elementor-id=\"23482\" class=\"elementor elementor-23482\">\n\t\t\t\t<div class=\"elementor-element elementor-element-1c61bea e-flex e-con-boxed e-con e-parent\" data-id=\"1c61bea\" data-element_type=\"container\" data-e-type=\"container\" data-settings=\"{&quot;background_background&quot;:&quot;classic&quot;}\">\n\t\t\t\t\t<div class=\"e-con-inner\">\n\t\t<div class=\"elementor-element elementor-element-af6b7cc animated-fast e-con-full e-flex e-con e-child\" data-id=\"af6b7cc\" data-element_type=\"container\" data-e-type=\"container\" data-settings=\"{&quot;animation&quot;:&quot;none&quot;}\">\n\t\t<div class=\"elementor-element elementor-element-f3ff9e8 e-con-full e-flex e-con e-child\" data-id=\"f3ff9e8\" data-element_type=\"container\" data-e-type=\"container\">\n\t\t\t\t<div data-wrapper-link=\"{&quot;url&quot;:&quot;https:\\\/\\\/www.prokick.hr\\\/?page_id=23938&quot;,&quot;is_external&quot;:&quot;&quot;,&quot;nofollow&quot;:&quot;&quot;,&quot;custom_attributes&quot;:&quot;&quot;}\" style=\"cursor: pointer\" class=\"elementor-element elementor-element-2d140ee animated-fast elementor-invisible elementor-widget elementor-widget-elementskit-team\" data-id=\"2d140ee\" data-element_type=\"widget\" data-e-type=\"widget\" data-settings=\"{&quot;_animation&quot;:&quot;fadeInUp&quot;,&quot;_animation_delay&quot;:100,&quot;ekit_we_effect_on&quot;:&quot;none&quot;}\" data-widget_type=\"elementskit-team.default\">\n\t\t\t\t<div class=\"elementor-widget-container\">\n\t\t\t\t\t<div class=\"ekit-wid-con\">\t\t\t\t\t\t\t\t\n\t\t<div class=\"profile-card elementor-animation- text-center ekit-team-style-default\">\n\t\t\t\n\t\t\t\t<div class=\"profile-header ekit-team-img ekit-img-overlay ekit-team-img-block\" >\n\t\t\t\t\t<img decoding=\"async\" width=\"167\" height=\"223\" src=\"https:\/\/www.prokick.hr\/wp-content\/uploads\/2025\/10\/f3693d94ad3b6e593cd5e14d9e88d921939b9957.png\" class=\"attachment-medium size-medium wp-image-24021\" alt=\"david-ereiz-profile\" \/>\t\t\t\t<\/div><!-- .profile-header END -->\n\t\t\t\n\n\t\t\t\t<div class=\"profile-body\">\n\t\t\t\t\t\n\t\t\t\t\t<h2 class=\"profile-title\">\n\t\t\t\t\t\t\t\t\t\t\tDavid Ereiz\t\t\t\t\t\t\t\t\t\t<\/h2>\n\t\t\t\t\t<p class=\"profile-designation\">NK Karlovac 1919<\/p>\n\t\t\t\t\t\t\t\t\t\t<p class=\"profile-content\"><img decoding=\"async\" src=\"https:\/\/www.prokick.hr\/wp-content\/uploads\/2025\/10\/hr.svg\" alt=\"Rebublika Hrvatska\" width=\"30\" height=\"20\" \/><\/p>\n\t\t\t\t\t\t\t\t\t<\/div><!-- .profile-body END -->\n\n\t\t\t\t\t\t\t\t\t<div class=\"profile-footer\">\n\t\t\t\t\t\t<ul class=\"ekit-team-social-list\">\n\t\t\t<li class=\"elementor-repeater-item-b37fad5\">\n\t\t\t<a href=\"https:\/\/www.transfermarkt.com\/david-ereiz\/profil\/spieler\/812459\" aria-label=\"Transfermarkt\">\n\t\t\t\t<i aria-hidden=\"true\" class=\"fab fa-tumblr\"><\/i>\t\t\t<\/a>\n\t\t<\/li>\n\t\t\t<li class=\"elementor-repeater-item-1a3ab10\">\n\t\t\t<a href=\"https:\/\/semafor.hns.family\/en\/players\/202018\/david-ereiz\/\" aria-label=\"Twitter\">\n\t\t\t\t<i aria-hidden=\"true\" class=\"fab fa-stripe-s\"><\/i>\t\t\t<\/a>\n\t\t<\/li>\n\t<\/ul>\n\t\t\t\t\t<\/div>\n\t\t\t\t\t\t\t\t\t<\/div>\n\t\t\t\t\t\t\t\n\t\t\t\n\t\t\t\t<\/div>\t\t\t\t<\/div>\n\t\t\t\t<\/div>\n\t\t\t\t<\/div>\n\t\t<div data-wrapper-link=\"{&quot;url&quot;:&quot;https:\\\/\\\/www.prokick.hr\\\/?page_id=24049&quot;,&quot;is_external&quot;:&quot;&quot;,&quot;nofollow&quot;:&quot;&quot;,&quot;custom_attributes&quot;:&quot;&quot;}\" style=\"cursor: pointer\" class=\"elementor-element elementor-element-f8107e4 e-con-full e-flex e-con e-child\" data-id=\"f8107e4\" data-element_type=\"container\" data-e-type=\"container\">\n\t\t\t\t<div class=\"elementor-element elementor-element-a21392e animated-fast elementor-invisible elementor-widget elementor-widget-elementskit-team\" data-id=\"a21392e\" data-element_type=\"widget\" data-e-type=\"widget\" data-settings=\"{&quot;_animation&quot;:&quot;fadeInUp&quot;,&quot;_animation_delay&quot;:200,&quot;ekit_we_effect_on&quot;:&quot;none&quot;}\" data-widget_type=\"elementskit-team.default\">\n\t\t\t\t<div class=\"elementor-widget-container\">\n\t\t\t\t\t<div class=\"ekit-wid-con\">\t\t\t\t\t\t\t\t\n\t\t<div class=\"profile-card elementor-animation- text-center ekit-team-style-default\">\n\t\t\t\n\t\t\t\t<div class=\"profile-header ekit-team-img ekit-img-overlay ekit-team-img-block\" >\n\t\t\t\t\t<img decoding=\"async\" width=\"142\" height=\"190\" src=\"https:\/\/www.prokick.hr\/wp-content\/uploads\/2025\/10\/9dff9c48b26e4e8265a39e01cb06a0da6e4907b5.png\" class=\"attachment-medium size-medium wp-image-24022\" alt=\"matej-gaspar-profile\" \/>\t\t\t\t<\/div><!-- .profile-header END -->\n\t\t\t\n\n\t\t\t\t<div class=\"profile-body\">\n\t\t\t\t\t\n\t\t\t\t\t<h2 class=\"profile-title\">\n\t\t\t\t\t\t\t\t\t\t\tMatej Ga\u0161par\t\t\t\t\t\t\t\t\t\t<\/h2>\n\t\t\t\t\t<p class=\"profile-designation\">NK Karlovac 1919<\/p>\n\t\t\t\t\t\t\t\t\t\t<p class=\"profile-content\"><img loading=\"lazy\" decoding=\"async\" src=\"https:\/\/www.prokick.hr\/wp-content\/uploads\/2025\/10\/ba.svg\" alt=\"Bosna i Hercegovina\" width=\"30\" height=\"20\" \/><\/p>\n\t\t\t\t\t\t\t\t\t<\/div><!-- .profile-body END -->\n\n\t\t\t\t\t\t\t\t\t<div class=\"profile-footer\">\n\t\t\t\t\t\t<ul class=\"ekit-team-social-list\">\n\t\t\t<li class=\"elementor-repeater-item-b37fad5\">\n\t\t\t<a href=\"https:\/\/www.transfermarkt.com\/matej-gaspar\/profil\/spieler\/797806\" aria-label=\"Transfermarkt\">\n\t\t\t\t<i aria-hidden=\"true\" class=\"fab fa-tumblr\"><\/i>\t\t\t<\/a>\n\t\t<\/li>\n\t\t\t<li class=\"elementor-repeater-item-1a3ab10\">\n\t\t\t<a href=\"https:\/\/semafor.hns.family\/igraci\/1205044\/matej-gaspar\/\" aria-label=\"Twitter\">\n\t\t\t\t<i aria-hidden=\"true\" class=\"fab fa-stripe-s\"><\/i>\t\t\t<\/a>\n\t\t<\/li>\n\t<\/ul>\n\t\t\t\t\t<\/div>\n\t\t\t\t\t\t\t\t\t<\/div>\n\t\t\t\t\t\t\t\n\t\t\t\n\t\t\t\t<\/div>\t\t\t\t<\/div>\n\t\t\t\t<\/div>\n\t\t\t\t<\/div>\n\t\t<div data-wrapper-link=\"{&quot;url&quot;:&quot;https:\\\/\\\/www.prokick.hr\\\/?page_id=24099&quot;,&quot;is_external&quot;:&quot;&quot;,&quot;nofollow&quot;:&quot;&quot;,&quot;custom_attributes&quot;:&quot;&quot;}\" style=\"cursor: pointer\" class=\"elementor-element elementor-element-308218d e-con-full e-flex e-con e-child\" data-id=\"308218d\" data-element_type=\"container\" data-e-type=\"container\">\n\t\t\t\t<div class=\"elementor-element elementor-element-8c33ce3 animated-fast elementor-invisible elementor-widget elementor-widget-elementskit-team\" data-id=\"8c33ce3\" data-element_type=\"widget\" data-e-type=\"widget\" data-settings=\"{&quot;_animation&quot;:&quot;fadeInUp&quot;,&quot;_animation_delay&quot;:300,&quot;ekit_we_effect_on&quot;:&quot;none&quot;}\" data-widget_type=\"elementskit-team.default\">\n\t\t\t\t<div class=\"elementor-widget-container\">\n\t\t\t\t\t<div class=\"ekit-wid-con\">\t\t\t\t\t\t\t\t\n\t\t<div class=\"profile-card elementor-animation- text-center ekit-team-style-default\">\n\t\t\t\n\t\t\t\t<div class=\"profile-header ekit-team-img ekit-img-overlay ekit-team-img-block\" >\n\t\t\t\t\t<img loading=\"lazy\" decoding=\"async\" width=\"167\" height=\"223\" src=\"https:\/\/www.prokick.hr\/wp-content\/uploads\/2025\/10\/joffrey-baize.jpeg\" class=\"attachment-medium size-medium wp-image-24023\" alt=\"\" \/>\t\t\t\t<\/div><!-- .profile-header END -->\n\t\t\t\n\n\t\t\t\t<div class=\"profile-body\">\n\t\t\t\t\t\n\t\t\t\t\t<h2 class=\"profile-title\">\n\t\t\t\t\t\t\t\t\t\t\tJoffrey Negawabloua Bazi\u00e9\t\t\t\t\t\t\t\t\t\t<\/h2>\n\t\t\t\t\t<p class=\"profile-designation\">FC Pa\u00e7os de Ferreira<\/p>\n\t\t\t\t\t\t\t\t\t\t<p class=\"profile-content\"><img loading=\"lazy\" decoding=\"async\" src=\"https:\/\/www.prokick.hr\/wp-content\/uploads\/2025\/10\/bf.svg\" alt=\"Burkina Faso\" width=\"30\" height=\"20\" \/><\/p>\n\t\t\t\t\t\t\t\t\t<\/div><!-- .profile-body END -->\n\n\t\t\t\t\t\t\t\t\t<div class=\"profile-footer\">\n\t\t\t\t\t\t<ul class=\"ekit-team-social-list\">\n\t\t\t<li class=\"elementor-repeater-item-b37fad5\">\n\t\t\t<a href=\"https:\/\/www.transfermarkt.com\/joffrey-bazie\/profil\/spieler\/854488\" aria-label=\"Transfermarkt\">\n\t\t\t\t<i aria-hidden=\"true\" class=\"fab fa-tumblr\"><\/i>\t\t\t<\/a>\n\t\t<\/li>\n\t<\/ul>\n\t\t\t\t\t<\/div>\n\t\t\t\t\t\t\t\t\t<\/div>\n\t\t\t\t\t\t\t\n\t\t\t\n\t\t\t\t<\/div>\t\t\t\t<\/div>\n\t\t\t\t<\/div>\n\t\t\t\t<\/div>\n\t\t\t\t<\/div>\n\t\t<div class=\"elementor-element elementor-element-f782ee1 animated-fast e-con-full e-flex e-con e-child\" data-id=\"f782ee1\" data-element_type=\"container\" data-e-type=\"container\" data-settings=\"{&quot;animation&quot;:&quot;none&quot;}\">\n\t\t<div data-wrapper-link=\"{&quot;url&quot;:&quot;https:\\\/\\\/www.prokick.hr\\\/?page_id=24104&quot;,&quot;is_external&quot;:&quot;&quot;,&quot;nofollow&quot;:&quot;&quot;,&quot;custom_attributes&quot;:&quot;&quot;}\" style=\"cursor: pointer\" class=\"elementor-element elementor-element-a35974b e-con-full e-flex e-con e-child\" data-id=\"a35974b\" data-element_type=\"container\" data-e-type=\"container\">\n\t\t\t\t<div class=\"elementor-element elementor-element-b9f1255 animated-fast elementor-invisible elementor-widget elementor-widget-elementskit-team\" data-id=\"b9f1255\" data-element_type=\"widget\" data-e-type=\"widget\" data-settings=\"{&quot;_animation&quot;:&quot;fadeInUp&quot;,&quot;_animation_delay&quot;:100,&quot;ekit_we_effect_on&quot;:&quot;none&quot;}\" data-widget_type=\"elementskit-team.default\">\n\t\t\t\t<div class=\"elementor-widget-container\">\n\t\t\t\t\t<div class=\"ekit-wid-con\">\t\t\t\t\t\t\t\t\n\t\t<div class=\"profile-card elementor-animation- text-center ekit-team-style-default\">\n\t\t\t\n\t\t\t\t<div class=\"profile-header ekit-team-img ekit-img-overlay ekit-team-img-block\" >\n\t\t\t\t\t<img loading=\"lazy\" decoding=\"async\" width=\"84\" height=\"112\" src=\"https:\/\/www.prokick.hr\/wp-content\/uploads\/2025\/10\/vito-markota-profil.png\" class=\"attachment-medium size-medium wp-image-24083\" alt=\"vito-markota-profil\" \/>\t\t\t\t<\/div><!-- .profile-header END -->\n\t\t\t\n\n\t\t\t\t<div class=\"profile-body\">\n\t\t\t\t\t\n\t\t\t\t\t<h2 class=\"profile-title\">\n\t\t\t\t\t\t\t\t\t\t\tVito Markota\t\t\t\t\t\t\t\t\t\t<\/h2>\n\t\t\t\t\t<p class=\"profile-designation\">NK Karlovac 1919<\/p>\n\t\t\t\t\t\t\t\t\t\t<p class=\"profile-content\"><img decoding=\"async\" src=\"https:\/\/www.prokick.hr\/wp-content\/uploads\/2025\/10\/hr.svg\" alt=\"Rebublika Hrvatska\" width=\"30\" height=\"20\" \/><\/p>\n\t\t\t\t\t\t\t\t\t<\/div><!-- .profile-body END -->\n\n\t\t\t\t\t\t\t\t\t<div class=\"profile-footer\">\n\t\t\t\t\t\t<ul class=\"ekit-team-social-list\">\n\t\t\t<li class=\"elementor-repeater-item-b37fad5\">\n\t\t\t<a href=\"https:\/\/www.transfermarkt.com\/vito-markota\/profil\/spieler\/1299332\" aria-label=\"Transfermarkt\">\n\t\t\t\t<i aria-hidden=\"true\" class=\"fab fa-tumblr\"><\/i>\t\t\t<\/a>\n\t\t<\/li>\n\t\t\t<li class=\"elementor-repeater-item-1a3ab10\">\n\t\t\t<a href=\"https:\/\/semafor.hns.family\/igraci\/417058\/vito-markota\/\" aria-label=\"Semafor\">\n\t\t\t\t<i aria-hidden=\"true\" class=\"fab fa-stripe-s\"><\/i>\t\t\t<\/a>\n\t\t<\/li>\n\t<\/ul>\n\t\t\t\t\t<\/div>\n\t\t\t\t\t\t\t\t\t<\/div>\n\t\t\t\t\t\t\t\n\t\t\t\n\t\t\t\t<\/div>\t\t\t\t<\/div>\n\t\t\t\t<\/div>\n\t\t\t\t<\/div>\n\t\t<div data-wrapper-link=\"{&quot;url&quot;:&quot;https:\\\/\\\/www.prokick.hr\\\/?page_id=24109&quot;,&quot;is_external&quot;:&quot;&quot;,&quot;nofollow&quot;:&quot;&quot;,&quot;custom_attributes&quot;:&quot;&quot;}\" style=\"cursor: pointer\" class=\"elementor-element elementor-element-67fd59d e-con-full e-flex e-con e-child\" data-id=\"67fd59d\" data-element_type=\"container\" data-e-type=\"container\">\n\t\t\t\t<div class=\"elementor-element elementor-element-3d9fcfa animated-fast elementor-invisible elementor-widget elementor-widget-elementskit-team\" data-id=\"3d9fcfa\" data-element_type=\"widget\" data-e-type=\"widget\" data-settings=\"{&quot;_animation&quot;:&quot;fadeInUp&quot;,&quot;_animation_delay&quot;:200,&quot;ekit_we_effect_on&quot;:&quot;none&quot;}\" data-widget_type=\"elementskit-team.default\">\n\t\t\t\t<div class=\"elementor-widget-container\">\n\t\t\t\t\t<div class=\"ekit-wid-con\">\t\t\t\t\t\t\t\t\n\t\t<div class=\"profile-card elementor-animation- text-center ekit-team-style-default\">\n\t\t\t\n\t\t\t\t<div class=\"profile-header ekit-team-img ekit-img-overlay ekit-team-img-block\" >\n\t\t\t\t\t<img loading=\"lazy\" decoding=\"async\" width=\"190\" height=\"256\" src=\"https:\/\/www.prokick.hr\/wp-content\/uploads\/2025\/10\/roko-bulja-profil.jpg\" class=\"attachment-medium size-medium wp-image-24084\" alt=\"roko-buljan-profil\" \/>\t\t\t\t<\/div><!-- .profile-header END -->\n\t\t\t\n\n\t\t\t\t<div class=\"profile-body\">\n\t\t\t\t\t\n\t\t\t\t\t<h2 class=\"profile-title\">\n\t\t\t\t\t\t\t\t\t\t\tRoko Buljan\t\t\t\t\t\t\t\t\t\t<\/h2>\n\t\t\t\t\t<p class=\"profile-designation\">NK Ravnice<\/p>\n\t\t\t\t\t\t\t\t\t\t<p class=\"profile-content\"><img decoding=\"async\" src=\"https:\/\/www.prokick.hr\/wp-content\/uploads\/2025\/10\/hr.svg\" alt=\"Rebublika Hrvatska\" width=\"30\" height=\"20\" \/><\/p>\n\t\t\t\t\t\t\t\t\t<\/div><!-- .profile-body END -->\n\n\t\t\t\t\t\t\t\t\t<div class=\"profile-footer\">\n\t\t\t\t\t\t<ul class=\"ekit-team-social-list\">\n\t\t\t<li class=\"elementor-repeater-item-b37fad5\">\n\t\t\t<a href=\"https:\/\/www.transfermarkt.com\/roko-buljan\/profil\/spieler\/1300777\" aria-label=\"Transfermarkt\">\n\t\t\t\t<i aria-hidden=\"true\" class=\"fab fa-tumblr\"><\/i>\t\t\t<\/a>\n\t\t<\/li>\n\t\t\t<li class=\"elementor-repeater-item-1a3ab10\">\n\t\t\t<a href=\"https:\/\/semafor.hns.family\/igraci\/421139\/roko-buljan\/\" aria-label=\"Semafor\">\n\t\t\t\t<i aria-hidden=\"true\" class=\"fab fa-stripe-s\"><\/i>\t\t\t<\/a>\n\t\t<\/li>\n\t<\/ul>\n\t\t\t\t\t<\/div>\n\t\t\t\t\t\t\t\t\t<\/div>\n\t\t\t\t\t\t\t\n\t\t\t\n\t\t\t\t<\/div>\t\t\t\t<\/div>\n\t\t\t\t<\/div>\n\t\t\t\t<\/div>\n\t\t<div data-wrapper-link=\"{&quot;url&quot;:&quot;https:\\\/\\\/www.prokick.hr\\\/?page_id=24114&quot;,&quot;is_external&quot;:&quot;&quot;,&quot;nofollow&quot;:&quot;&quot;,&quot;custom_attributes&quot;:&quot;&quot;}\" style=\"cursor: pointer\" class=\"elementor-element elementor-element-67671cc e-con-full e-flex e-con e-child\" data-id=\"67671cc\" data-element_type=\"container\" data-e-type=\"container\">\n\t\t\t\t<div class=\"elementor-element elementor-element-7917207 animated-fast elementor-invisible elementor-widget elementor-widget-elementskit-team\" data-id=\"7917207\" data-element_type=\"widget\" data-e-type=\"widget\" data-settings=\"{&quot;_animation&quot;:&quot;fadeInUp&quot;,&quot;_animation_delay&quot;:300,&quot;ekit_we_effect_on&quot;:&quot;none&quot;}\" data-widget_type=\"elementskit-team.default\">\n\t\t\t\t<div class=\"elementor-widget-container\">\n\t\t\t\t\t<div class=\"ekit-wid-con\">\t\t\t\t\t\t\t\t\n\t\t<div class=\"profile-card elementor-animation- text-center ekit-team-style-default\">\n\t\t\t\n\t\t\t\t<div class=\"profile-header ekit-team-img ekit-img-overlay ekit-team-img-block\" >\n\t\t\t\t\t<img loading=\"lazy\" decoding=\"async\" width=\"109\" height=\"145\" src=\"https:\/\/www.prokick.hr\/wp-content\/uploads\/2025\/10\/bruno-zejavec-profil.png\" class=\"attachment-medium size-medium wp-image-24085\" alt=\"bruno-zejavec-profil\" \/>\t\t\t\t<\/div><!-- .profile-header END -->\n\t\t\t\n\n\t\t\t\t<div class=\"profile-body\">\n\t\t\t\t\t\n\t\t\t\t\t<h2 class=\"profile-title\">\n\t\t\t\t\t\t\t\t\t\t\tBruno \u017dejavac\t\t\t\t\t\t\t\t\t\t<\/h2>\n\t\t\t\t\t<p class=\"profile-designation\">NK Ravnice<\/p>\n\t\t\t\t\t\t\t\t\t\t<p class=\"profile-content\"><img decoding=\"async\" src=\"https:\/\/www.prokick.hr\/wp-content\/uploads\/2025\/10\/hr.svg\" alt=\"Rebublika Hrvatska\" width=\"30\" height=\"20\" \/><\/p>\n\t\t\t\t\t\t\t\t\t<\/div><!-- .profile-body END -->\n\n\t\t\t\t\t\t\t\t\t<div class=\"profile-footer\">\n\t\t\t\t\t\t<ul class=\"ekit-team-social-list\">\n\t\t\t<li class=\"elementor-repeater-item-b37fad5\">\n\t\t\t<a href=\"https:\/\/www.transfermarkt.com\/bruno-zejavac\/profil\/spieler\/1190334\" aria-label=\"Transfermarkt\">\n\t\t\t\t<i aria-hidden=\"true\" class=\"fab fa-tumblr\"><\/i>\t\t\t<\/a>\n\t\t<\/li>\n\t\t\t<li class=\"elementor-repeater-item-7827832\">\n\t\t\t<a href=\"https:\/\/semafor.hns.family\/en\/players\/163881\/bruno-zejavac\/\" aria-label=\"Semafor\">\n\t\t\t\t<i aria-hidden=\"true\" class=\"fab fa-stripe-s\"><\/i>\t\t\t<\/a>\n\t\t<\/li>\n\t<\/ul>\n\t\t\t\t\t<\/div>\n\t\t\t\t\t\t\t\t\t<\/div>\n\t\t\t\t\t\t\t\n\t\t\t\n\t\t\t\t<\/div>\t\t\t\t<\/div>\n\t\t\t\t<\/div>\n\t\t\t\t<\/div>\n\t\t\t\t<\/div>\n\t\t<div class=\"elementor-element elementor-element-fec6050 animated-fast e-con-full e-flex e-con e-child\" data-id=\"fec6050\" data-element_type=\"container\" data-e-type=\"container\" data-settings=\"{&quot;animation&quot;:&quot;none&quot;}\">\n\t\t<div data-wrapper-link=\"{&quot;url&quot;:&quot;https:\\\/\\\/www.prokick.hr\\\/?page_id=24178&quot;,&quot;is_external&quot;:&quot;&quot;,&quot;nofollow&quot;:&quot;&quot;,&quot;custom_attributes&quot;:&quot;&quot;}\" style=\"cursor: pointer\" class=\"elementor-element elementor-element-525968b e-con-full e-flex e-con e-child\" data-id=\"525968b\" data-element_type=\"container\" data-e-type=\"container\">\n\t\t\t\t<div class=\"elementor-element elementor-element-e4f03a0 animated-fast elementor-invisible elementor-widget elementor-widget-elementskit-team\" data-id=\"e4f03a0\" data-element_type=\"widget\" data-e-type=\"widget\" data-settings=\"{&quot;_animation&quot;:&quot;fadeInUp&quot;,&quot;_animation_delay&quot;:100,&quot;ekit_we_effect_on&quot;:&quot;none&quot;}\" data-widget_type=\"elementskit-team.default\">\n\t\t\t\t<div class=\"elementor-widget-container\">\n\t\t\t\t\t<div class=\"ekit-wid-con\">\t\t\t\t\t\t\t\t\n\t\t<div class=\"profile-card elementor-animation- text-center ekit-team-style-default\">\n\t\t\t\n\t\t\t\t<div class=\"profile-header ekit-team-img ekit-img-overlay ekit-team-img-block\" >\n\t\t\t\t\t<img loading=\"lazy\" decoding=\"async\" width=\"191\" height=\"256\" src=\"https:\/\/www.prokick.hr\/wp-content\/uploads\/2025\/10\/josip-kaleb-profile-2.png\" class=\"attachment-medium size-medium wp-image-24180\" alt=\"\" \/>\t\t\t\t<\/div><!-- .profile-header END -->\n\t\t\t\n\n\t\t\t\t<div class=\"profile-body\">\n\t\t\t\t\t\n\t\t\t\t\t<h2 class=\"profile-title\">\n\t\t\t\t\t\t\t\t\t\t\tJosip Kaleb\t\t\t\t\t\t\t\t\t\t<\/h2>\n\t\t\t\t\t<p class=\"profile-designation\">NK Gaj Ma\u010de<\/p>\n\t\t\t\t\t\t\t\t\t\t<p class=\"profile-content\"><img decoding=\"async\" src=\"https:\/\/www.prokick.hr\/wp-content\/uploads\/2025\/10\/hr.svg\" alt=\"Rebublika Hrvatska\" width=\"30\" height=\"20\" \/><\/p>\n\t\t\t\t\t\t\t\t\t<\/div><!-- .profile-body END -->\n\n\t\t\t\t\t\t\t\t\t<div class=\"profile-footer\">\n\t\t\t\t\t\t<ul class=\"ekit-team-social-list\">\n\t\t\t<li class=\"elementor-repeater-item-1a3ab10\">\n\t\t\t<a href=\"https:\/\/semafor.hns.family\/igraci\/323671\/josip-kaleb\/\" aria-label=\"Semafor\">\n\t\t\t\t<i aria-hidden=\"true\" class=\"fab fa-stripe-s\"><\/i>\t\t\t<\/a>\n\t\t<\/li>\n\t<\/ul>\n\t\t\t\t\t<\/div>\n\t\t\t\t\t\t\t\t\t<\/div>\n\t\t\t\t\t\t\t\n\t\t\t\n\t\t\t\t<\/div>\t\t\t\t<\/div>\n\t\t\t\t<\/div>\n\t\t\t\t<\/div>\n\t\t<div data-wrapper-link=\"{&quot;url&quot;:&quot;https:\\\/\\\/www.prokick.hr\\\/?page_id=24119&quot;,&quot;is_external&quot;:&quot;&quot;,&quot;nofollow&quot;:&quot;&quot;,&quot;custom_attributes&quot;:&quot;&quot;}\" style=\"cursor: pointer\" class=\"elementor-element elementor-element-f5c0756 e-con-full e-flex e-con e-child\" data-id=\"f5c0756\" data-element_type=\"container\" data-e-type=\"container\">\n\t\t\t\t<div class=\"elementor-element elementor-element-190e3bb animated-fast elementor-invisible elementor-widget elementor-widget-elementskit-team\" data-id=\"190e3bb\" data-element_type=\"widget\" data-e-type=\"widget\" data-settings=\"{&quot;_animation&quot;:&quot;fadeInUp&quot;,&quot;_animation_delay&quot;:200,&quot;ekit_we_effect_on&quot;:&quot;none&quot;}\" data-widget_type=\"elementskit-team.default\">\n\t\t\t\t<div class=\"elementor-widget-container\">\n\t\t\t\t\t<div class=\"ekit-wid-con\">\t\t\t\t\t\t\t\t\n\t\t<div class=\"profile-card elementor-animation- text-center ekit-team-style-default\">\n\t\t\t\n\t\t\t\t<div class=\"profile-header ekit-team-img ekit-img-overlay ekit-team-img-block\" >\n\t\t\t\t\t<img loading=\"lazy\" decoding=\"async\" width=\"109\" height=\"145\" src=\"https:\/\/www.prokick.hr\/wp-content\/uploads\/2025\/10\/arton-zekaj-profile-small.jpg\" class=\"attachment-medium size-medium wp-image-24092\" alt=\"arton-zekaj-profile-small\" \/>\t\t\t\t<\/div><!-- .profile-header END -->\n\t\t\t\n\n\t\t\t\t<div class=\"profile-body\">\n\t\t\t\t\t\n\t\t\t\t\t<h2 class=\"profile-title\">\n\t\t\t\t\t\t\t\t\t\t\tArton Zekaj\t\t\t\t\t\t\t\t\t\t<\/h2>\n\t\t\t\t\t<p class=\"profile-designation\">.<\/p>\n\t\t\t\t\t\t\t\t\t\t<p class=\"profile-content\"><img loading=\"lazy\" decoding=\"async\" src=\"https:\/\/www.prokick.hr\/wp-content\/uploads\/2025\/10\/xk.svg\" alt=\"Kosovo\" width=\"30\" height=\"20\" \/>&nbsp;&nbsp;<img loading=\"lazy\" decoding=\"async\" src=\"https:\/\/www.prokick.hr\/wp-content\/uploads\/2025\/10\/rs.svg\" alt=\"Rebublika Srbija\" width=\"30\" height=\"20\" \/><\/p>\n\t\t\t\t\t\t\t\t\t<\/div><!-- .profile-body END -->\n\n\t\t\t\t\t\t\t\t\t<div class=\"profile-footer\">\n\t\t\t\t\t\t<ul class=\"ekit-team-social-list\">\n\t\t\t<li class=\"elementor-repeater-item-b37fad5\">\n\t\t\t<a href=\"https:\/\/www.transfermarkt.com\/arton-zekaj\/profil\/spieler\/464990\" aria-label=\"Transfermarkt\">\n\t\t\t\t<i aria-hidden=\"true\" class=\"fab fa-tumblr\"><\/i>\t\t\t<\/a>\n\t\t<\/li>\n\t<\/ul>\n\t\t\t\t\t<\/div>\n\t\t\t\t\t\t\t\t\t<\/div>\n\t\t\t\t\t\t\t\n\t\t\t\n\t\t\t\t<\/div>\t\t\t\t<\/div>\n\t\t\t\t<\/div>\n\t\t\t\t<\/div>\n\t\t<div class=\"elementor-element elementor-element-8f3b711 e-con-full e-flex e-con e-child\" data-id=\"8f3b711\" data-element_type=\"container\" data-e-type=\"container\">\n\t\t\t\t<\/div>\n\t\t\t\t<\/div>\n\t\t\t\t\t<\/div>\n\t\t\t\t<\/div>\n\t\t\t\t<\/div>\n\t\t","protected":false},"excerpt":{"rendered":"<p>David Ereiz NK Karlovac 1919 Matej Ga\u0161par NK Karlovac 1919 Joffrey Negawabloua Bazi\u00e9 FC Pa\u00e7os de Ferreira Vito Markota NK Karlovac 1919 Roko Buljan NK Ravnice Bruno \u017dejavac NK Ravnice Josip Kaleb NK Gaj Ma\u010de Arton Zekaj . &nbsp;&nbsp;<\/p>\n","protected":false},"author":1,"featured_media":0,"parent":0,"menu_order":0,"comment_status":"closed","ping_status":"closed","template":"","meta":{"footnotes":""},"class_list":["post-23482","page","type-page","status-publish","hentry"],"_links":{"self":[{"href":"https:\/\/www.prokick.hr\/index.php?rest_route=\/wp\/v2\/pages\/23482","targetHints":{"allow":["GET"]}}],"collection":[{"href":"https:\/\/www.prokick.hr\/index.php?rest_route=\/wp\/v2\/pages"}],"about":[{"href":"https:\/\/www.prokick.hr\/index.php?rest_route=\/wp\/v2\/types\/page"}],"author":[{"embeddable":true,"href":"https:\/\/www.prokick.hr\/index.php?rest_route=\/wp\/v2\/users\/1"}],"replies":[{"embeddable":true,"href":"https:\/\/www.prokick.hr\/index.php?rest_route=%2Fwp%2Fv2%2Fcomments&post=23482"}],"version-history":[{"count":83,"href":"https:\/\/www.prokick.hr\/index.php?rest_route=\/wp\/v2\/pages\/23482\/revisions"}],"predecessor-version":[{"id":24404,"href":"https:\/\/www.prokick.hr\/index.php?rest_route=\/wp\/v2\/pages\/23482\/revisions\/24404"}],"wp:attachment":[{"href":"https:\/\/www.prokick.hr\/index.php?rest_route=%2Fwp%2Fv2%2Fmedia&parent=23482"}],"curies":[{"name":"wp","href":"https:\/\/api.w.org\/{rel}","templated":true}]}}